 of u?
3
Let z = -408 + 505. Let v(l) = l**2 - l + 5. Let t be v(0). Suppose 0*q + 35 = q - 5*y, y - z = -t*q. What is the tens digit of q?
2
Suppose 0 = 2*r + 10*r - 120. Let v be (-35)/r*24/(-21). Suppose -v*a + 239 = -181. What is the units digit of a?
5
Let f(m) = m**2 - 77*m - 1312. What is the thousands digit of f(-83)?
1
Let n = -287 - -7726. What is the units digit of n?
9
Suppose 27*r + 218823 - 526002 = 0. What is the units digit of r?
7
What is the thousands digit of -23 + (-52)/(-4) + 1786?
1
Let s(v) = -v + 11. Let i be s(11). Let j(n) = 0*n**2 - 4*n**2 + 0*n**2 + n**3 + 90 + 3*n**2 + 2*n. What is the units digit of j(i)?
0
Suppose k - 40806 = -4*z, -3*z + 13865 + 16742 = 2*k. What is the tens digit of z?
0
Let y = 14 - 21. Let v = 12 + y. Let n = v + 97. What is the tens digit of n?
0
Let z(w) = w**3 + 2*w**2 - 2*w. Let v be z(0). Suppose v = n - 2 + 3. What is the units digit of n*(-4*20 + 1)?
9
Suppose 5*v - 3*g = -231, 5*v - 5*g + 59 + 166 = 0. Let o be (-1 + -34)/(3/(-9)). Let w = v + o. What is the tens digit of w?
5
Suppose 0 = -208*b + 203*b + 10. Suppose 8 = -2*p, 4*n - 3*n = b*p + 729. What is the units digit of n?
1
Let u = -12345 - -21531. What is the hundreds digit of u?
1
Let n(t) = 124*t**2 + 2*t - 1. Let d be n(1). Let q(c) = 47*c + 2826. Let l be q(-59). Let h = l + d. What is the units digit of h?
8
Let k be ((-2)/6)/(11/17886 - 0). Let i = 407 - k. What is the units digit of i?
9
Suppose 8*q - 9*q = 5*f - 9977, 0 = q + 4*f - 9978. What is the tens digit of q?
8
Suppose c - 6*c + 186 = 3*q, 4*q + 172 = 5*c. Suppose -2*x + c = x. Suppose -20*i + 472 = -x*i. What is the tens digit of i?
5
Let q(u) = -632*u + 30. Let c be q(-1). Let p = c + -452. What is the hundreds digit of p?
2
Let b = 101 + -219. Let k(x) = -3*x**2 + 25*x + 382. Let p be k(-11). Let v = b - p. What is the units digit of v?
8
Suppose -93*d - 5*a - 61310 = -98*d, 0 = -5*d + 3*a + 61310. What is the hundreds digit of d?
2
What is the hundreds digit of (104/12)/13 + 1 + 10252/3?
4
What is the hundreds digit of (-532097)/(-73) - 6*4/6?
2
Let k be 30/12*5/(15/(-222)). Let m = 258 + k. What is the tens digit of m?
7
What is the units digit of (16781160/(-1100))/(4/(-10))?
9
Let c be (183/122 - 362/(-20))/((-1)/(-5)). Suppose -3*r = 2*j - 231 - 162, -r + 572 = 3*j. Suppose l + c = j. What is the tens digit of l?
9
Suppose -j - 5*x - 44 = 3*j, -5*j - 55 = 2*x. Let n = 28 + j. Suppose -5*f = -4*b + 13 - 62, f - n = -b. What is the tens digit of f?
1
Let b(s) = 6*s + 123. Let m(d) = d**2 + 5*d - 6. Let g be m(-6). Let i be b(g). Suppose 3*n - f + 0*f - 201 = 0, -2*n + i = 3*f. What is the tens digit of n?
6
Suppose -50*m - 51*m + 115*m - 148148 = 0. What is the thousands digit of m?
0
Let u(a) = -7*a**3 + 3*a**2 + 4*a - 34. Let t(g) = -4*g**3 + g**2 + 2*g - 18. Let b(m) = 5*t(m) - 3*u(m). What is the units digit of b(9)?
9
Let s be 6 + 1 + -3 + -9 + 8. Suppose 5*p + 398 = 2*y, -s*y + p + 181 = -390. What is the hundreds digit of y?
1
What is the hundreds digit of ((-17)/2 + (0 - 2))/(12/(-9240))?
0
Let s be (-3)/(4 + -4 - -1). Let i = 490 - 491. What is the hundreds digit of (592/12)/(i/s)?
1
What is the ten thousands digit of (150/5)/10 - -13604?
1
Let o(y) = y**2 + 86*y - 11. Suppose -94*l - 32 = -96*l. What is the hundreds digit of o(l)?
6
Suppose -a - 2*y + y + 11 = 0, -4*a + 45 = 3*y. Let q = -9 - a. What is the tens digit of (3 + q/6)*2*-23?
2
Let g(v) = -2*v**3 - 3*v**2 + v + 7. Let w = -55 + 55. What is the units digit of g(w)?
7
Let n = -793 - -88. Let c = -61 - n. What is the tens digit of c?
4
Suppose -33*d - 125 = -8*d. What is the units digit of (d + (-1299)/(-3))*1 - 2?
6
What is the units digit of (91/1365 + 1094/15)*317?
1
Suppose -4*f + 18 = 6. Suppose -3*r - 4*u = -1566, 2*u = f*r - 0*r - 1566. What is the units digit of r?
2
Let w = 166 + -163. Suppose 0 = 4*z - 5*x - 100, -w*z + 4*x - 21 + 95 = 0. What is the tens digit of z?
3
Suppose 2*x - 164 = -0*x. Let z be (12/2 - -1)/(62/1674). Suppose 3*j - 4*h - z - x = 0, -2*j = -h - 184. What is the units digit of j?
3
Let o = 27896 - 14001. What is the thousands digit of o?
3
Suppose 5*l + 2*w + 54 = 2*l, w + 17 = -l. Let x = -66 - l. Let i = x + 108. What is the units digit of i?
2
What is the thousands digit of (-6 + (-6)/((-108)/78))/(2/(-3594))?
2
Let y(i) = 20*i**2 - 24*i - 173. Let s(x) = -20*x**2 + 24*x + 173. Let w(g) = -7*s(g) - 6*y(g). What is the hundreds digit of w(-6)?
6
Suppose 33231 = 2*k + 3*x - 23319, -2*x = -5*k + 141337. What is the ten thousands digit of k?
2
Suppose 24*t - 577861 = 33587. What is the units digit of t?
7
Suppose -7*j = p - 3*j + 18, j - 2 = 3*p. What is the tens digit of (-1)/p + (-3675)/(-98)?
3
Let x = -46 - -44. Let p be -1*x/3*(9 + -6). Suppose 2*q - p*a = -0*a - 4, -5*q - 5*a = -20. What is the units digit of q?
1
Suppose 815*d - 819*d + 98092 = -34320. What is the units digit of d?
3
Let y(a) = 11*a**2 + 918*a + 930. What is the hundreds digit of y(-100)?
1
Let i(m) = -45*m + 8. Suppose 0 = -7*k + 6*k - 2. Let v be i(k). What is the units digit of (-24)/6*v/(-8)?
9
Suppose -4*o - 38 + 42 = 0. Let l(w) be the first derivative of w**4/2 + w**3/3 - w**2/2 + w - 10. What is the units digit of l(o)?
3
Let w(t) = 6*t**2 + 103*t + 709. What is the ten thousands digit of w(-52)?
1
Let k(b) = -138*b - 44. Let h be k(-9). Let n = -601 + h. What is the tens digit of n?
9
Let z be 9704/(-5) - (-31)/(-155). Let a = -1052 - z. What is the tens digit of a?
8
Let i be (-42)/70 + (-18)/(-5). What is the tens digit of (-3)/i - 1 - -337?
3
Suppose 32 = h + 26. Suppose -i + h*i = 5*k + 1420, i - 279 = -4*k. What is the units digit of i?
3
Let s(a) = -a**3 + 12*a**2 + 5*a + 28. Let r be s(-13). Suppose -9*y - 1416 = -r. Suppose 44 - y = -4*z. What is the tens digit of z?
6
Let j be (-21043)/77 - (12/7 + -2). Let h = j + 453. What is the units digit of h?
0
Let x be 6 + 8 + -12 - 1. Let t(k) = 198*k**3 - 3*k - 1 + 3*k**2 + 4 - 2. What is the tens digit of t(x)?
9
What is the hundreds digit of (-18831*((-25)/(-5) + -2))/((-15)/10)?
6
Let i(j) be the first derivative of 5*j**6/18 - j**5/40 + j**4/8 - j**3/3 - 11. Let l(b) be the third derivative of i(b). What is the hundreds digit of l(1)?
1
Let a = 15669 - 12823. What is the tens digit of a?
4
Let h(y) = 19*y + 10. Let d(b) = -b - 15. Let i be d(-17). Suppose -5*g = 3*o - 30, 2*o - 35 = -i*o - 5*g. What is the units digit of h(o)?
5
Suppose 0 = 188*g - 189*g + 5. Suppose -g*h + 4576 = 8*h. What is the units digit of h?
2
Let q(u) = u**3 + 6*u**2 + u + 12. Let k be q(-6). Suppose k*p = 658 - 88. Suppose -p = -11*j + 213. What is the tens digit of j?
2
Let i(d) = 2*d + 45. Let h be i(-10). Suppose 21 = 3*f + 4*c - h, -c - 20 = -f. What is the units digit of ((-1302)/9)/(f/(-27))?
7
Let l = 813 - 415. Suppose 16*x = 15*x + l. What is the tens digit of x?
9
Suppose -2*l - 3*t = -9503, 19015 = 10*l - 6*l + 3*t. What is the hundreds digit of l?
7
What is the units digit of (0 - -5)*1 - (-6200 + 62)?
3
Let a = 130 - -88. Let k = -109 + a. Let c = k - 67. What is the tens digit of c?
4
Suppose 4*t - 20 = 0, 4*k - 3*t + 8 = -3. Suppose -269 = -2*w - 5*y, 0 = y - k. Suppose -5*p + w - 24 = 4*z, 4*z - p = 84. What is the units digit of z?
2
Let j(f) = 2*f + f**2 + 7*f**2 - 10 + 18. What is the tens digit of j(9)?
7
Let x = -618 + 618. What is the units digit of (x - 2)/(-6) - 1266/(-9)?
1
What is the thousands digit of (-40)/(-220) + (31/(-62) - 2770694/(-44))?
2
Suppose 7*n + 17955 = 26*n. What is the units digit of n?
5
Let h be -3 + -1 - 201/(-3). Suppose -612 = 61*a - h*a. Let f = -204 + a. What is the hundreds digit of f?
1
Suppose 198*s - 21273798 = -84*s. What is the hundreds digit of s?
4
What is the thousands digit of (13095/(-8) + 11)/(1/(-8)) + 0?
3
Let m = 5862 - 3619. What is the hundreds digit of m?
2
Let t = 14588 + -2890. What is the units digit of t?
8
Suppose -4*w + 162829 = z, -z = -5*w + 209264 - 5739. What is the units digit of w?
6
Suppose 15011 = 16*f + 3939. Let u = -493 + f. What is the tens digit of u?
9
Suppose 4*j = 8, 5*k + 3*j + 33663 = 8*k. What is the thousands digit of k?
1
Suppose -498*h + 438*h = -2571360. What is the hundreds digit of h?
8
Let k(o) be the first derivative of o**4/4 + 8*o**3/3